{"id":11,"date":"2021-01-24T17:35:28","date_gmt":"2021-01-24T17:35:28","guid":{"rendered":"https:\/\/rohestories.dk\/?page_id=11"},"modified":"2021-01-24T18:01:38","modified_gmt":"2021-01-24T18:01:38","slug":"velkommen","status":"publish","type":"page","link":"https:\/\/rohestories.dk\/","title":{"rendered":"Velkommen"},"content":{"rendered":"\n<p>V\u00e6r hilset i mit finurlige univers med korte historier. Nogle af dem vil provokere dig, men mit h\u00e5b er, at du f\u00f8ler dig underholdt og f\u00e5r lidt smil p\u00e5 l\u00e6ben undervejs. Intet er alvorligt, og alt er alvorligt. Intet betyder alt, og alt betyder intet. Floskler kan f\u00e5 lov at st\u00e5 i k\u00f8, s\u00e5 l\u00e6nge de f\u00e5r en mission, s\u00e5 l\u00e6nge de har en mening. K\u00e6rlighed er et gennemgribende tema, selv, n\u00e5r det slet ikke fremg\u00e5r p\u00e5 nogen tydelig m\u00e5de. Men der er ogs\u00e5 helt almindelige menneskelighed, grumme f\u00f8lelser, ja endog vildskab og noget, der kan n\u00e6rme sig sex. L\u00e6g m\u00e6rke til ordet n\u00e6rme. Jeg vil med mine historier gerne n\u00e6rme mig dig l\u00e6ser, uden at du f\u00f8ler dig alt for tr\u00e5dt p\u00e5. Jeg vil gerne underholde, s\u00e5 du m\u00e5 hjertens gerne blive vred, sur, glad, opstemt, fjollet. Du m\u00e5 endda gerne blive ligeglad, for det er ogs\u00e5 en slags f\u00f8lelse. <\/p>\n\n\n\n<p>Jeg \u00f8nsker dig god forn\u00f8jelse &#8211; og jeg kan med h\u00e5nden p\u00e5 hjertet sige, at det har jeg allerede haft! <\/p>\n\n\n\n<figure class=\"wp-block-image size-large\"><img loading=\"lazy\" decoding=\"async\" width=\"1024\" height=\"682\" src=\"https:\/\/rohestories.dk\/wp-content\/uploads\/2021\/01\/Mig-selv--1024x682.jpg\" alt=\"\" class=\"wp-image-42\" srcset=\"https:\/\/rohestories.dk\/wp-content\/uploads\/2021\/01\/Mig-selv--1024x682.jpg 1024w, https:\/\/rohestories.dk\/wp-content\/uploads\/2021\/01\/Mig-selv--300x200.jpg 300w, https:\/\/rohestories.dk\/wp-content\/uploads\/2021\/01\/Mig-selv--768x512.jpg 768w, https:\/\/rohestories.dk\/wp-content\/uploads\/2021\/01\/Mig-selv--1536x1024.jpg 1536w, https:\/\/rohestories.dk\/wp-content\/uploads\/2021\/01\/Mig-selv-.jpg 2000w\" sizes=\"(max-width: 1024px) 100vw, 1024px\" \/><\/figure>\n","protected":false},"excerpt":{"rendered":"<p>V\u00e6r hilset i mit finurlige univers med korte historier. Nogle af dem vil provokere dig, men mit h\u00e5b er, at du f\u00f8ler dig underholdt og f\u00e5r lidt smil p\u00e5 l\u00e6ben undervejs. Intet er alvorligt, og alt er alvorligt. Intet betyder alt, og alt betyder intet. &hellip; <a href=\"https:\/\/rohestories.dk\/\" class=\"more-link\"><span>Continue reading<span class=\"screen-reader-text\">Velkommen<\/span><\/span><\/a><\/p>\n","protected":false},"author":1,"featured_media":0,"parent":0,"menu_order":0,"comment_status":"closed","ping_status":"closed","template":"","meta":{"footnotes":""},"_links":{"self":[{"href":"https:\/\/rohestories.dk\/index.php\/wp-json\/wp\/v2\/pages\/11"}],"collection":[{"href":"https:\/\/rohestories.dk\/index.php\/wp-json\/wp\/v2\/pages"}],"about":[{"href":"https:\/\/rohestories.dk\/index.php\/wp-json\/wp\/v2\/types\/page"}],"author":[{"embeddable":true,"href":"https:\/\/rohestories.dk\/index.php\/wp-json\/wp\/v2\/users\/1"}],"replies":[{"embeddable":true,"href":"https:\/\/rohestories.dk\/index.php\/wp-json\/wp\/v2\/comments?post=11"}],"version-history":[{"count":3,"href":"https:\/\/rohestories.dk\/index.php\/wp-json\/wp\/v2\/pages\/11\/revisions"}],"predecessor-version":[{"id":43,"href":"https:\/\/rohestories.dk\/index.php\/wp-json\/wp\/v2\/pages\/11\/revisions\/43"}],"wp:attachment":[{"href":"https:\/\/rohestories.dk\/index.php\/wp-json\/wp\/v2\/media?parent=11"}],"curies":[{"name":"wp","href":"https:\/\/api.w.org\/{rel}","templated":true}]}}